-3)?
8
What is the tens digit of 9*(-3281)/(-612)*216?
2
Suppose -8*q - 91820 = -12*q + 4*c, -6*c - 22945 = -q. What is the thousands digit of q?
2
Suppose q = 12*c - 7*c + 2684, 4*c = 4. Let b = q + -1438. What is the thousands digit of b?
1
Let y = -3586 - -70066. What is the hundreds digit of y?
4
Let j = 287 + 365. Suppose -w + 393 = 5*n, -2*w + 5*n + j + 179 = 0. What is the hundreds digit of w?
4
Let b(v) = -220*v - 446. What is the hundreds digit of b(-62)?
1
Let l(u) = 2*u**2 - 9*u + 2. Let k be l(6). Let x(w) = -2*w - 18 - k + 46. What is the tens digit of x(-17)?
4
Let x(b) be the second derivative of 41*b**3 + 7*b**2 + 2*b + 22. What is the hundreds digit of x(1)?
2
Suppose -3*z = 3*t - 7180 - 4358, 0 = 3*t. What is the tens digit of (z/8)/(27/36)?
4
Let i = 146 - 42. Suppose 4*b - 2*f - i - 934 = 0, 0 = 2*b + 2*f - 528. Suppose -b - 204 = -5*j. What is the units digit of j?
3
Let k = 1810 + 6563. What is the tens digit of k?
7
Let q(p) = 9 - 19 - 13*p - 27. Suppose -197*v + 192*v - 15 = f, 0 = -4*f - 5*v - 30. What is the tens digit of q(f)?
2
Let m = -42906 + 72798. What is the thousands digit of m?
9
What is the hundreds digit of (94170/(-350) - 6/42)*-10?
6
Let f(g) = -2*g**3 + 3*g**2 + 3*g + 1. Let a be f(2). Suppose -6*h - 2*r + 650 = -2*h, -475 = -a*h + r. What is the tens digit of h?
6
Let h(k) = -31*k + 64. Let y be h(-23). Let c = y - 276. What is the hundreds digit of c?
5
Let b(d) = 7 - 78 - 41*d - 98. What is the tens digit of b(-6)?
7
Let f be -14 + -6 + 12 + -4. What is the units digit of 3/(-4) + (-153)/f?
2
Suppose 529625 = -91*d + 2776324. What is the tens digit of d?
8
What is the thousands digit of (82 - 81)*(-2 + 0 + 17647)?
7
Let y = 4193 + 7204. What is the units digit of y?
7
Let r(i) be the second derivative of -i**4/12 + 11*i**3/6 + 14*i**2 - 16*i. Let j be r(17). What is the tens digit of 6/(-2 + (-152)/j)?
1
Suppose 0 = -10*j - 84*j + 4289220. What is the units digit of j?
0
Let y be (-3)/((-9)/(-3)) + 2. Let i(s) = -3*s. Let u be i(y). What is the units digit of (92 - (u + 0)) + -3?
2
Let k(w) = w**3 + w**2 - 3*w + 4. Let u be k(2). Let c(v) = 8 - 74 + u - 5*v. What is the tens digit of c(-23)?
5
Let t(v) = v**2 + 1 + 5*v**2 + v**2 - 3*v - 8*v**2. Let j be t(4). Let r(a) = -4*a - 63. What is the units digit of r(j)?
5
Suppose -3*u - 4 = 2. Let m be (16/(-3))/1*(-33)/22. What is the tens digit of m/(24/(-9)) - 170/u?
8
Let y(z) = 21*z**3 - 4*z**2 + 3*z - 7. Suppose 5*x = 2*x + 9. Let r be y(x). What is the units digit of (0 - -2)/(26/r)?
1
Suppose 2*s - o - 15792 = 0, -o + 13285 = 4*s - 18299. What is the units digit of s?
6
Let k(p) = 469*p**2 + 57*p - 234. What is the thousands digit of k(5)?
1
Let u be 4/(-10) - (26/10 + -1). Let y be (-715)/u - (12/8)/1. Suppose -124 - y = -5*f. What is the units digit of f?
6
Let u be 2/2 - (0 - 147). Suppose 129*l = 49*l. Suppose l = -5*z + 37 + u. What is the tens digit of z?
3
Let r(h) = 2*h**2 - 8*h - 5. Let d(z) = -z**2 - z. Let a(x) = -2*x + 1. Let q be a(0). Let b(i) = q*r(i) - d(i). What is the units digit of b(6)?
1
Let d(r) = r**3 + 116*r**2 + 267*r - 1451. What is the hundreds digit of d(-113)?
6
Suppose 226334 = 4*x + 2*q, -2*q = -q - 3. What is the ten thousands digit of x?
5
Let a(u) = -u**3 + 5*u**2 + 23*u + 64. What is the hundreds digit of a(-12)?
2
Let s be 0/(4/(-1*4)) + -1. Let g be 8/10*(-60)/(-24). What is the hundreds digit of (s - g) + (228 - -10)?
2
What is the hundreds digit of (13 + -15)*(-239155)/14?
1
Let b be (-5 + -1 + 8)*12/8. Suppose -5*d + 2228 = -b*n, -n = -5*d + 3011 - 785. What is the units digit of d?
5
Suppose l = -17 + 24. Let r be 1/(4/98) + l/14. Let m(c) = c - 11. What is the tens digit of m(r)?
1
Let u be 2 + 3 + 0 + 0. Let h = -397 + 1013. Suppose -u*j + b + 3*b = -h, 228 = 2*j + 3*b. What is the hundreds digit of j?
1
Let l(n) = n**2 + 21*n + 42. Let i = -85 + 58. Let p be l(i). Suppose 5*w = 6*w - p. What is the units digit of w?
4
Suppose -4*v = v + 4*h - 76, -68 = -5*v - 2*h. Suppose v - 9 = -a. What is the units digit of a + (4*-61)/(-4)?
8
Let p be (2594 + -23)*6/9. Suppose 3*n - p = -o, -17*o + 12*o = 4*n - 2289. What is the units digit of n?
1
Suppose -2*c = -3*j - 13, -5*j + 0*j - 18 = -3*c. Suppose -l = -4*p + 1440, -3*l = -c*p + 7*p + 1432. What is the tens digit of p?
6
Let o(l) = -647*l - 5214. What is the ten thousands digit of o(-47)?
2
Let i be (-4)/((10/(-15))/((-6)/9)). Let d be (-20 - -6)/(i/(-16)*4). Let t(z) = z**3 + 17*z**2 + 20*z - 4. What is the units digit of t(d)?
4
Let o = 22856 - 16021. What is the units digit of o?
5
Let a(x) = 9*x**2 + 50*x + 954. What is the thousands digit of a(-25)?
5
Suppose -3*w + 10 = -8*w. Let a = 3278 - 3240. Let u = w + a. What is the tens digit of u?
3
Suppose 5*l + 303 = -v, -3*v + 116 = -3*l - 55. Let m be (-10)/(-3)*l/50. What is the units digit of m/(-14) - ((-7636)/(-28))/(-1)?
3
Suppose -2*q + 4*q - 10 = 0. Suppose 0 = -q*i - x + 295, -x - 245 = -3*i - i. Let a = -16 + i. What is the tens digit of a?
4
Let p(a) be the first derivative of 3*a**4/4 + 5*a**3/3 - a**2 + a + 26. Let h be p(4). Let y = h - 90. What is the hundreds digit of y?
1
Let y(j) = 11 - 7 - 19*j - 13. Let o = 65 - 69. What is the tens digit of y(o)?
6
Suppose 6 = 5*q - 4. Suppose -q*l + 550 = -v - 20, 3*l = 4*v + 850. What is the tens digit of l?
8
Suppose 2*h - 7*h = 4*c - 69, -2 = -2*c + 4*h. Suppose 0 = 4*f - c - 1. Suppose 35 = 8*s - f*s. What is the units digit of s?
7
Suppose 5*s = 2*b - 52308, -b + 3*s = -2*b + 26143. What is the hundreds digit of b?
1
Let o(t) be the second derivative of -t**4/12 + 17*t**3/6 - 3*t**2 - 2*t + 29. What is the tens digit of o(13)?
4
Let j = -2816 - -6080. Suppose 19*k - 3*k - j = 0. What is the tens digit of k?
0
Let m = 43 - -217. Let v = m - 80. Suppose 0 = 5*h + g - 489, -18 = -2*h + 2*g + v. What is the units digit of h?
8
Let l(b) = -96*b**3 + 5*b**2 + 3*b - 5. What is the hundreds digit of l(-4)?
2
Suppose t + 3 = -f - f, 2*t = f + 4. Let d = 2 - f. Suppose d*a - 55 = 233. What is the units digit of a?
2
Let a = -10490 + 30978. What is the tens digit of a?
8
Let c(w) = -3*w**2 - 13 + 6*w**3 + 4*w**3 - 9*w**3 + 13*w**2. Let i be c(-10). What is the tens digit of (-6)/(-2) - (-14 + i)?
3
Suppose 11700 = 4*h - 7*n, 5444 - 17144 = -4*h - n. What is the hundreds digit of h?
9
Suppose 2*w - 6*a = 35586, -48*w + 52*w - 71136 = 3*a. What is the units digit of w?
1
Suppose -3*x + 7*x - 4*p - 35140 = 0, 4*x - 2*p - 35140 = 0. Suppose x = 9*j - 4*j. What is the hundreds digit of j?
7
Suppose 181644 = 4*p - 5*l, -98*p + 95*p - l = -136271. What is the tens digit of p?
2
Suppose 3*i - 38 = -0*i + 5*p, -8 = 2*p. Let s = 97 - i. Suppose s + 207 = 2*q. What is the hundreds digit of q?
1
Let c(p) = -3*p - 32. Let r be c(-12). Let w(b) = 10*b - 5*b**3 - 2*b**2 - 6 - 6*b**2 + 7*b**3. What is the tens digit of w(r)?
3
Let d be ((-16)/(-4) - -58) + 3. Suppose 3*y = -a - 0*y + d, 2*y + 257 = 5*a. Suppose 0 = -z + a + 9. What is the units digit of z?
2
What is the units digit of (-15)/6 + 0 - 1377/(-34)?
8
Suppose -7*m + 45 = -2*m. Let f(k) = m*k**2 - 10 + 7*k + 0*k**3 - k**3 - k. What is the hundreds digit of f(8)?
1
Suppose 3*u + 27310 = 5*g, 7*g - 16021 = 4*u + 22214. What is the tens digit of g?
6
Let x = 655 - -1039. Let c = x + -726. What is the tens digit of c?
6
What is the hundreds digit of (-53592)/(-15) + (-3)/(-5*1/2)?
5
Suppose -14*u - 13*u = 2*u - 404927. What is the thousands digit of u?
3
What is the thousands digit of -13 + (5 - 1) + (9210 - -2)?
9
Let i be 122/(-6) - (-120)/(-72). Let w be 4/3*1 - i/33. Suppose 0*k - k + 111 = -2*d, -w*k = -d - 216. What is the units digit of k?
7
Let m(o) = 28374 + 8*o**2 + 6*o - 28358 + 17*o**2. What is the units digit of m(-5)?
1
Let q = 923 - 461. Suppose 5*v - 7*v + q = 0. What is the tens digit of v?
3
Suppose -104*n - 7505192 = -270*n. What is the ten thousands digit of n?
4
Let s(x) = 7*x - 3. Let t be s(1). Suppose -t*u = 20, o + u = -2*o + 916. What is the hundreds digit of o?
3
Suppose -2*u + 15 = 7, -2*m = u - 10. Suppose -5*g = 2*k - 4344, -m*g - 17*k + 2607 = -16*k. What is the tens digit of g?
7
Let o = -18069 + 23385. What is the units digit of o?
6
What is the tens digit of (14/(-56) - 5/(-4)) + 230